 What is the remainder when 29 is divided by q?
5
Suppose -3*z + 6 = -42. Suppose 2*g = -3*g + 55. Calculate the remainder when g is divided by ((-18)/8)/((-6)/z).
5
Suppose -9*a + 12*a - 153 = 0. Suppose a = 2*i + 13. Calculate the remainder when 55 is divided by i.
17
Suppose -4*q + v + 112 = 2*v, 5*q - 5*v - 165 = 0. Calculate the remainder when q is divided by 15.
14
Let x(a) = a**2 + a - 8. Let c = 11 - 4. Let r = c - 1. What is the remainder when x(-6) is divided by r?
4
Suppose 2*l - 8*l = -150. What is the remainder when 48 is divided by l?
23
Suppose -4*y - y + 5 = 0, 4*b = y + 67. Suppose v + 245 = 6*v. What is the remainder when v is divided by b?
15
Let q(y) = -y**3 + 8*y**2 - 9*y - 5. Let f(h) = h. Calculate the remainder when q(6) is divided by f(3).
1
Suppose w = 2*b + 64, w + w - 131 = 3*b. Calculate the remainder when w is divided by 24.
22
Suppose 5 = 4*s - 3*z, 1 = -s + 5*z - 2. Let p = s - 1. Let t(k) = 25*k - 1. Calculate the remainder when t(p) is divided by 13.
11
Let d = -38 + 57. Calculate the remainder when d is divided by 5.
4
Let r = -50 - -71. Calculate the remainder when 62 is divided by r.
20
Let r = -5 + 8. Suppose -65 = r*q - 8*q. Let j(k) = k**3 + 5*k**2 - 4*k + 5. What is the remainder when j(-4) is divided by q?
11
Suppose 0 = 5*x - 3*b - 342, 65 - 338 = -4*x + 3*b. Suppose 0*w = 3*w - 72. What is the remainder when x is divided by w?
21
Suppose 3*y - 12 = 2*y + 2*x, -4*x - 32 = -4*y. Suppose 5*m - y = 3*m. What is the remainder when 3 is divided by 1 - -3 - (m - 0)?
1
Let p be -1 + 3 + 1 + 1. Suppose 0 = -p*f + 2*a - 4*a + 42, -2*a + 2 = 0. What is the remainder when f is divided by 7?
3
Suppose 5*y + 73 = 2*j - 77, -2*j + 162 = y. What is the remainder when j is divided by 27?
26
What is the remainder when ((-11)/(-2))/((-14)/(-392)) is divided by 12?
10
Calculate the remainder when 177*(-2 - (-21)/9) is divided by 31.
28
Suppose -4*c + 2*c + 102 = 0. Suppose -c = -2*g + f + 10, 15 = -5*f. Suppose 2*o = -2*x + 20, -2*o + 30 = o + 5*x. What is the remainder when g is divided by o?
9
Let l(h) = h + 3. Calculate the remainder when (-2)/(-4)*(53 + -7) is divided by l(3).
5
Calculate the remainder when 33 is divided by 60/(-5)*(-6)/4.
15
Let x be (-2 - (-9)/2)*2. Suppose x*t - 2*l = 26, l + 2 = 2*t - 9. Suppose 4*s + d - 68 = -0*d, 32 = 3*s - t*d. What is the remainder when 31 is divided by s?
15
Let h(y) = 2*y + 2. Suppose -a = 3*g - 88, 5*g - 2*a = g + 104. Suppose g = 2*m + 8. What is the remainder when h(8) is divided by m?
8
Let y = -25 - -32. What is the remainder when y is divided by 3?
1
Suppose k + 0 = 1. Let m be ((-5)/(10/(-4)))/k. Suppose -v - 2 = -m*v. Calculate the remainder when v is divided by 2.
0
Suppose -3*i + 22 = -23. What is the remainder when 28 is divided by i?
13
Suppose 0 = -5*s - 15, s = l + 15 - 42. Calculate the remainder when l is divided by 9.
6
Let x(f) = f**3 - 7*f**2 + 7*f + 6. Let c be x(6). Let j be (-18)/15*(-80)/c. Suppose g - 8 = j. Calculate the remainder when g is divided by 9.
7
Suppose 0 = -u + 6*u - 55. Let k = -4 - -4. Suppose 0 = 3*l + 9, -2*y + k*l = l - 61. Calculate the remainder when y is divided by u.
10
Suppose 0*t = 4*t - 20, 0 = -4*g - 3*t + 179. What is the remainder when 158 is divided by g?
35
Let t = -119 + 168. Suppose 4*f = -0*f + 16, u - 4*f = 1. Calculate the remainder when t is divided by u.
15
Let c = 121 - -3. Calculate the remainder when 2/3 - c/(-3) is divided by 15/25*(-5)/(-2)*10.
12
Let c(y) = y**3 + 6*y**2 - 2*y - 8. Let s be c(-6). Suppose 0 = 2*q + t - 35, 4*q - 19 - 49 = -s*t. Calculate the remainder when 33 is divided by q.
15
Suppose -4*k + 5*y - 17 = 0, -4*k + 3*y - 1 = 6. Suppose 5*p - 3 - 1 = -2*a, -k*p - 39 = -5*a. Calculate the remainder when 27 is divided by a.
6
Let h(z) = -z**2 - 8*z - 5. Calculate the remainder when 55 is divided by h(-2).
6
Let s = 49 + -25. Let t = -54 + 67. What is the remainder when s is divided by t?
11
Suppose -2*h + 0*h + 4 = 0. Suppose -8 = -5*j + h. Let n = j + 2. Calculate the remainder when n is divided by 2.
0
Suppose -15 = -2*t + 5*d, 2*t + 2*t - 22 = 2*d. Let z(l) = -2*l**3 - 4*l**2 + 3*l + t*l**3 + 4 - l**3. Calculate the remainder when z(3) is divided by 11.
9
Suppose 5*z = -0*z + 40. What is the remainder when 15 is divided by z?
7
Let g(f) = f**2 - 4 + 4*f**2 - 6*f**2 + 2*f**2 - 6*f. Let c be g(-4). What is the remainder when (3 - (2 + 0)) + c is divided by 13?
11
Let h = -7 - -24. What is the remainder when h is divided by 10?
7
Let b(u) = u**2 + 2*u - 2. Let j be b(-3). Let m = 5 - j. What is the remainder when 11 is divided by m?
3
Let p(m) = m**2 - m + 12. Let t(i) = -10*i - 184. What is the remainder when t(-23) is divided by p(0)?
10
Let y(p) = -p + 5. Let b be y(5). Suppose 0 = -b*u + 2*u - 28. Calculate the remainder when 41 is divided by u.
13
What is the remainder when 19 is divided by 21/2 + (-1)/(-2)?
8
Let w = 1 - -4. Let c(f) = f**2 - 3*f - 6. Let r be c(w). Suppose u + 30 = r*u. Calculate the remainder when u is divided by 4.
2
Suppose 5*a + 6 = 16. Calculate the remainder when 2 is divided by a.
0
Suppose 2*w + 4*r = 369 - 63, w = -r + 151. Calculate the remainder when w is divided by 25.
24
Suppose 0*f + 44 = -f. Suppose -4*t - 264 = -8*t. Let s = f + t. Calculate the remainder when s is divided by 12.
10
Calculate the remainder when ((-26)/(-52))/(1/106) is divided by 9.
8
Let t be (-4)/(-26) - 1174/26. Let a = -15 - t. What is the remainder when a is divided by 16?
14
Suppose -4*j - 128 = -0*c - 4*c, 2*c = 5*j + 52. Calculate the remainder when c is divided by 13.
10
Let i be (-1 + 4 - 6)*182. Calculate the remainder when i/(-22) + 2/11 is divided by 9.
7
Let d = -1 + 13. What is the remainder when 34 is divided by d?
10
Suppose 0 = 4*w - 52 - 20. Suppose -3*y + 5*x + 6 = 0, 4*y + 3*x = 5 + 3. Let r(j) = 10*j**2 - 2*j - 2. Calculate the remainder when r(y) is divided by w.
16
Calculate the remainder when 7 is divided by (-3 + 2)*-1 + 1.
1
Let h(u) = u**2 + 4*u - 4. What is the remainder when 17 is divided by h(-6)?
1
Suppose -w = 5*d - 6, 4*w - 26 = -5*d + 8*w. Calculate the remainder when 9 is divided by d.
1
What is the remainder when 62 is divided by 2*8 - 0/((-30)/5)?
14
Suppose -2*m + 2 = 3*g - 23, -g - 15 = -4*m. Suppose 0 = 3*f - f + 4*l - 2, 5*f + m*l = 20. Calculate the remainder when 25 is divided by f.
4
Suppose -14 - 22 = -4*q. Calculate the remainder when 24 is divided by q.
6
Let r(t) = t**3 + 5*t**2 + 3*t + 4. What is the remainder when 31 is divided by r(-4)?
7
Let b = 81 - 28. What is the remainder when b is divided by (-2)/(-1) - 3 - -15?
11
Suppose 2*m + 3*f - 37 = 0, -8*m + 118 = -3*m - f. What is the remainder when m is divided by 12?
11
Let i(z) = z**3 - 8*z**2 + 8*z - 8. Let x be i(7). Let u(k) = -7*k - 1. Calculate the remainder when 16 is divided by u(x).
4
Suppose 0*z + 2*z - 12 = 0. What is the remainder when 29 is divided by (30/25)/(z/40)?
5
Let y = 14 - -14. Suppose x + 15 = 2*x. What is the remainder when y is divided by x?
13
Let r(x) = 41*x**2 - 2*x - 2. What is the remainder when 163 is divided by r(-1)?
40
Let u = -9 + 26. What is the remainder when u is divided by 11?
6
Suppose -16 - 23 = -3*u. Let w be (-20)/6*(4 - 1). What is the remainder when u is divided by 4/(-10) + (-54)/w?
3
Let a be (-2)/(-4)*0 + -3. Let r(h) be the first derivative of 2*h**3/3 + h**2/2 - 2*h + 16. Calculate the remainder when 25 is divided by r(a).
12
Let g = 615 - 353. Suppose -r = r - g. Let t = r + -94. Calculate the remainder when t is divided by 19.
18
Let g(i) = 12*i**2 - 2*i + 1. Let u be 1 - (-2 + 2) - 0. Calculate the remainder when (-21)/(-1) + (-3 - -2)*1 is divided by g(u).
9
Let z(k) = 5*k + 10. Let n(u) = 4*u - 1. Let j be n(1). Suppose -72 = -j*y - y. Calculate the remainder when z(5) is divided by y.
17
Let a(p) = 2*p**2 + 1. Let k be a(1). Suppose k*h = 83 - 5. What is the remainder when h is divided by 14?
12
Let x(l) = l**3 - 5*l**2 + 4*l + 4. Let p be x(4). Suppose -p*w + 83 = -3*w. Calculate the remainder when w is divided by 21.
20
Let f(j) = -j - 4. Let d be f(-3). Suppose -s + 43 = 5*l, l - 364 = -5*s - 101. What is the remainder when s is divided by d + 21 + (-4 - -2)?
17
Let o(m) = m**2 - m + 14. Suppose -1 = -g - 3. What is the rem